) = v**2 - 23*v + 54. Calculate the remainder when q is divided by x(21).
10
Let v = 954 - 837. What is the remainder when v is divided by 49?
19
Let g = -386 - -338. What is the remainder when (g/64)/((-676)/224 - -3) is divided by 35?
7
Suppose 0*y + y - 16263 = -12*y. What is the remainder when y is divided by 57?
54
Suppose 0 = 3*r + r, -4*o - r + 168 = 0. Calculate the remainder when (188/(-12) + -3)/((-4)/o) is divided by 33.
31
Let w(a) = a**3 + 21*a**2 - 21*a + 184. Calculate the remainder when 5019 is divided by w(-22).
159
Suppose -24 = 8*r - 56. Suppose -132 = -3*i - r*q, 0 = 12*i - 13*i - 2*q + 42. Calculate the remainder when i is divided by 13.
9
Let a(i) = -4*i + 2. Suppose 4*p = -3*n + 13 + 30, -n - 68 = -5*p. What is the remainder when -1 + 2 + (p - -24) is divided by a(-2)?
8
Suppose 658*m - 1185 = 643*m. Calculate the remainder when 1746 is divided by m.
8
Let a = 3 + -9. Let b(m) = 2*m + 12. Let t be b(a). Suppose t = -11*j + 15*j - 224. What is the remainder when j is divided by 31?
25
Let m be (88/88)/((4/2)/166). Suppose 483 - m = 8*k. What is the remainder when 240 is divided by k?
40
Suppose -21*b + 55 = -32*b. Calculate the remainder when (-207)/15*(b - 0) is divided by 8.
5
Let p(o) = o**2 + 12*o - 242. Calculate the remainder when 4460 is divided by p(-24).
44
Suppose 0 = -2*w - 4*s + 10, 1 = 4*w + 4*s - 3. What is the remainder when 201 is divided by w/21 - 10320/(-210)?
5
Suppose 4*z - c + 1426 = 0, 3*c + 193 - 1972 = 5*z. Let q = z - -368. Calculate the remainder when 1/(2/4)*20 is divided by q.
7
Let k(z) = z + 1. Let u be k(1). Suppose j - 2*f = 52, -3*j = -u*j - 5*f - 61. Let v = 63 - j. Calculate the remainder when v is divided by 6.
5
Suppose 263 = 37*f - 181. Calculate the remainder when 26 is divided by f.
2
Let j = -7743 - -7760. Calculate the remainder when 99 is divided by j.
14
Calculate the remainder when 246 is divided by (-1 - 1065/(-55)) + (-76)/209.
12
Suppose 76*n - 41*n + 163560 = 82*n. What is the remainder when n is divided by 43?
40
Let f = 15 - 13. Suppose -2*q = -5*x + 14 + 54, -f*x - 3*q = -31. Calculate the remainder when 63 is divided by 4/x + 1760/112.
15
Let u(j) = 49*j**3 + 5*j**2 - 1. Calculate the remainder when 215 is divided by u(1).
3
Let g(f) = 6*f - 105. Let d be g(18). Suppose c + z + 3 = -3*z, -39 = -d*c + 4*z. Suppose -87 + 23 = -4*y. Calculate the remainder when y is divided by c.
7
What is the remainder when 363 is divided by ((-112)/40)/(-2) - (-2208)/30?
63
Suppose 69*f - 61*f - 104 = 0. Let n be (-7)/28 + 34/8. Suppose -7*b + 19 = -n*b - 5*q, 4*b - 29 = 3*q. What is the remainder when f is divided by b?
5
Let c(d) = -13*d**2 + 12*d + 13. Let f(q) = 6*q**2 - 5*q - 6. Let o(b) = 2*c(b) + 5*f(b). What is the remainder when o(-5) is divided by 37?
27
Let s(k) = 6*k**2 - 10*k + 2. Suppose 14 = 3*q - m + 6*m, 0 = 2*q + 2*m - 8. Suppose 7*d - q*d = 132. Calculate the remainder when d is divided by s(2).
3
Suppose -3*x + 11 = 2. Let j be 16/x - (-8)/12. Suppose -10*z + 76 = -j*z. What is the remainder when z is divided by 11?
8
Suppose 9288 = 76*o - 70*o. Let t = o - 1077. What is the remainder when t is divided by 154?
9
Let u(i) = 68*i + 305. Calculate the remainder when 14945 is divided by u(-3).
98
Let c be ((-6)/(-33) - 0) + (-85257)/99. What is the remainder when 4/(-42) + (-47437)/c is divided by 11?
0
Let t(f) = 26*f**2 + 899*f - 6230. Calculate the remainder when t(7) is divided by 410.
107
Let m(k) = -5*k**2 + 460*k - 1741. What is the remainder when 31 is divided by m(88)?
12
Suppose 65*x = -2339 + 12674. Suppose -12 = -b + 6. What is the remainder when x is divided by b?
15
Let k(y) = -y**3 - 6*y**2 + 22*y + 10. Let a be k(-9). Let w = a - 17. Calculate the remainder when 69 is divided by w.
31
Let y(w) = w**2 - 6*w. Let j be y(-2). Suppose 0 = j*n + 44 - 268. Calculate the remainder when n is divided by 5.
4
Suppose -68 = -2*h + 2*x, 28 = -4*x + 32. Suppose 6*c - h = -u + 7*c, -4*u + 150 = c. Calculate the remainder when 144 is divided by u.
33
Suppose 24*v - 7*v = 2159. Calculate the remainder when v is divided by ((-7)/14)/(3*(-6)/1548).
41
Let l = 192 + 9. Let i = l - -21. What is the remainder when i is divided by 32?
30
Suppose -4*c - 46 + 33 = -v, -v + 67 = 2*c. What is the remainder when 839 is divided by v?
6
Suppose -269 = -2*k + 91*z - 86*z, 0 = -4*k + 4*z + 532. Calculate the remainder when 6071 is divided by k.
131
Suppose w = -3*w - 2*a + 252, -3*w + a = -199. Let g(l) = 4*l + 9. Let h be g(-4). Let f = 10 - h. What is the remainder when w is divided by f?
14
Suppose j + 6 = 8. Let y be 1/j*(-44 - -6). Let q = 112 + y. What is the remainder when q is divided by 16?
13
Suppose 3*j + 410 = 2*r, -2*r - 201 = -j - 615. Calculate the remainder when 434 is divided by r.
18
Let c(g) = -7*g**2 - 3*g + 13. Let w(y) = -1 + y**2 - 24*y + 24*y. Let a(b) = c(b) + 6*w(b). Calculate the remainder when 23 is divided by a(-3).
2
What is the remainder when 146 is divided by (2 + 200/(-28))/((-12)/56)?
2
Let z(s) = 10*s + 9. Let c be z(-6). Let d = -30 - c. Calculate the remainder when d is divided by (-13)/117 + (1568/(-72))/(-7).
0
Suppose 0 = 3*s + 5*f + 16, 9*s - 32 = 10*s - 5*f. Suppose 18 + 9 = 3*o. Calculate the remainder when (-189)/s + 66/(-88) is divided by o.
6
Let y(x) = -x**3 + 8*x**2 + 9*x - 9. Suppose 8*f - 51 = 13. What is the remainder when 122 is divided by y(f)?
59
Let g be (-2 + -4)/(-4 - (-15)/6). Let z(a) = -3*a + a + 44 + 22 + g. What is the remainder when 68 is divided by z(23)?
20
Let x(q) = 23*q + 8. Let m(j) = -3*j - 23. Let z be m(-7). Let t be x(z). Let n = 127 + t. What is the remainder when n is divided by 9?
8
Let t(q) = 71*q - 75*q - 2*q**3 - 7 + 3*q**3 - 6*q**2. What is the remainder when 150 is divided by t(7)?
10
Let d = 637 - 437. Suppose 5*s = -5*o + d, -4*s + 160 = 2*o - 3*o. What is the remainder when s is divided by 22?
18
Let b = 3948 + -3964. Suppose 2*x + 16 + 0 = 0. Let k = x - b. What is the remainder when 15 is divided by k?
7
Let n = -1734 - -1758. Calculate the remainder when 1247 is divided by n.
23
Suppose 757*o + 5*p - 160 = 752*o, -2*o + 28 = -4*p. What is the remainder when 618 is divided by o?
20
Let q(h) = -3*h**2 + 61*h - 20. Let c be q(20). Suppose 0*d - 2*o - 114 = -3*d, d - 3*o - 45 = c. Calculate the remainder when 178 is divided by d.
34
Suppose -y + 253 - 201 = 0. Calculate the remainder when y is divided by 24.
4
Let w(h) = 2*h**2 + 10*h + 13. Calculate the remainder when w(-7) is divided by ((-120)/35 + -4)*35/(-10).
15
Let d(s) = -2*s**3 - 26*s**2 + 5*s + 25. Calculate the remainder when d(-14) is divided by 186.
161
Let h = 13 - -1. What is the remainder when ((-217)/186)/(10/420*-1) is divided by h?
7
Suppose -28*b = 5*b + 99. Calculate the remainder when 4/b - (-12870)/135 is divided by 48.
46
Let t(f) = -2*f**2 + 27*f + 6. Calculate the remainder when 1895 is divided by t(13).
14
Let p(b) = -7 + 2*b - b**2 + 2*b**2 + b**2. Suppose 31*t = -218 + 1055. Calculate the remainder when p(7) is divided by t.
24
Suppose 1720 = 10*y - 170. Let t = y - -111. Calculate the remainder when t is divided by 43.
42
Suppose 0 = -8*n + 3*n + 5. Calculate the remainder when (-1 + 8)*194/679 is divided by n.
0
Let b be (-2)/5 - 272/(-80). Suppose b - 2 = v. What is the remainder when 60 is divided by v/2 - (-378)/12?
28
Suppose 10*j + 111216 = 122*j. What is the remainder when j is divided by 38?
5
Suppose 2*z = 7 + 5. Suppose -111*q + 92 = -104*q - 41. Calculate the remainder when q is divided by z.
1
Let z(a) = -a**2 + 10*a - 9. Let d be z(6). What is the remainder when 1356/(-3051) - 746/(-18) is divided by d/(1 - 0/1)?
11
Let i(k) = 10*k + 184. Let p be i(-13). Suppose 348 = p*a - 53*a. Calculate the remainder when a is divided by 13.
10
Let a = 112 - 110. Suppose -10*m + 11*m = 4. Suppose -g = 4*q + m*g - 4, -5*q - 2*g = -22. What is the remainder when q is divided by a?
0
Let r(v) = -7*v - 5. Let p be 2/(-7) - (-40)/(-7). What is the remainder when (4 - -86)/(22/(6864/260)) is divided by r(p)?
34
Suppose o + 4 + 3 = 2*p, 3*o + 61 = -4*p. What is the remainder when (216/15)/(o/75)*-1 is divided by 61?
11
Suppose -6*q + 312 = -228. Suppose q = 11*d + 7*d. What is the remainder when (-2)/d - (-16)/20*183 is divided